{"id":194,"date":"2018-11-15T11:50:02","date_gmt":"2018-11-15T10:50:02","guid":{"rendered":"https:\/\/biomedicale.u-paris.fr\/?page_id=194"},"modified":"2018-11-15T11:50:02","modified_gmt":"2018-11-15T10:50:02","slug":"inscriptions-administratives-et-pedagogiques","status":"publish","type":"page","link":"https:\/\/biomedicale-project.u-paris-sciences.fr\/?page_id=194","title":{"rendered":"Inscriptions administratives et p\u00e9dagogiques"},"content":{"rendered":"<p>[et_pb_section fb_built=\u00a0\u00bb1&Prime; _builder_version=\u00a0\u00bb4.16&Prime; da_disable_devices=\u00a0\u00bboff|off|off\u00a0\u00bb global_colors_info=\u00a0\u00bb{}\u00a0\u00bb da_is_popup=\u00a0\u00bboff\u00a0\u00bb da_exit_intent=\u00a0\u00bboff\u00a0\u00bb da_has_close=\u00a0\u00bbon\u00a0\u00bb da_alt_close=\u00a0\u00bboff\u00a0\u00bb da_dark_close=\u00a0\u00bboff\u00a0\u00bb da_not_modal=\u00a0\u00bbon\u00a0\u00bb da_is_singular=\u00a0\u00bboff\u00a0\u00bb da_with_loader=\u00a0\u00bboff\u00a0\u00bb da_has_shadow=\u00a0\u00bbon\u00a0\u00bb][et_pb_row _builder_version=\u00a0\u00bb4.16&Prime; background_size=\u00a0\u00bbinitial\u00a0\u00bb background_position=\u00a0\u00bbtop_left\u00a0\u00bb background_repeat=\u00a0\u00bbrepeat\u00a0\u00bb global_colors_info=\u00a0\u00bb{}\u00a0\u00bb][et_pb_column type=\u00a0\u00bb4_4&Prime; _builder_version=\u00a0\u00bb4.16&Prime; custom_padding=\u00a0\u00bb|||\u00a0\u00bb global_colors_info=\u00a0\u00bb{}\u00a0\u00bb custom_padding__hover=\u00a0\u00bb|||\u00a0\u00bb][et_pb_post_title meta=\u00a0\u00bboff\u00a0\u00bb featured_image=\u00a0\u00bboff\u00a0\u00bb _builder_version=\u00a0\u00bb4.16&Prime; global_colors_info=\u00a0\u00bb{}\u00a0\u00bb]&nbsp;<br \/>\n[\/et_pb_post_title][et_pb_text disabled_on=\u00a0\u00bboff|off|off\u00a0\u00bb admin_label=\u00a0\u00bbText\u00a0\u00bb _builder_version=\u00a0\u00bb4.21.0&Prime; background_size=\u00a0\u00bbinitial\u00a0\u00bb background_position=\u00a0\u00bbtop_left\u00a0\u00bb background_repeat=\u00a0\u00bbrepeat\u00a0\u00bb global_colors_info=\u00a0\u00bb{}\u00a0\u00bb]<\/p>\n<h3 class=\"spip\"><span class=\"ez-toc-section\" id=\"Inscriptions_administratives_annee_universitaire_2024-2025\"><\/span>Inscriptions administratives (ann\u00e9e universitaire 2024-2025)<span class=\"ez-toc-section-end\"><\/span><\/h3>\n<p>Les inscriptions administratives, c&rsquo;est par-ici :<\/p>\n<blockquote class=\"wp-embedded-content\" data-secret=\"SuhoQ6V7EX\"><p><a href=\"https:\/\/u-paris.fr\/linscription-administrative\/\">L&rsquo;inscription administrative<\/a><\/p><\/blockquote>\n<p><iframe loading=\"lazy\" class=\"wp-embedded-content\" sandbox=\"allow-scripts\" security=\"restricted\" style=\"position: absolute; clip: rect(1px, 1px, 1px, 1px);\" title=\"\u00ab\u00a0L&rsquo;inscription administrative\u00a0\u00bb &#8212; Universit\u00e9 Paris Cit\u00e9\" src=\"https:\/\/u-paris.fr\/linscription-administrative\/embed\/#?secret=SuhoQ6V7EX\" data-secret=\"SuhoQ6V7EX\" width=\"600\" height=\"338\" frameborder=\"0\" marginwidth=\"0\" marginheight=\"0\" scrolling=\"no\"><\/iframe><\/p>\n<p>Une interrogation\u00a0 ? C&rsquo;est par-l\u00e0 :<\/p>\n<blockquote class=\"wp-embedded-content\" data-secret=\"KdAFdAZNTM\"><p><a href=\"https:\/\/u-paris.fr\/faq-inscriptions-et-demarches-administratives\/\">FAQ inscriptions et d\u00e9marches administratives<\/a><\/p><\/blockquote>\n<p><iframe loading=\"lazy\" class=\"wp-embedded-content\" sandbox=\"allow-scripts\" security=\"restricted\" style=\"position: absolute; clip: rect(1px, 1px, 1px, 1px);\" title=\"\u00ab\u00a0FAQ inscriptions et d\u00e9marches administratives\u00a0\u00bb &#8212; Universit\u00e9 Paris Cit\u00e9\" src=\"https:\/\/u-paris.fr\/faq-inscriptions-et-demarches-administratives\/embed\/#?secret=KdAFdAZNTM\" data-secret=\"KdAFdAZNTM\" width=\"600\" height=\"338\" frameborder=\"0\" marginwidth=\"0\" marginheight=\"0\" scrolling=\"no\"><\/iframe><\/p>\n<p>[\/et_pb_text][et_pb_text disabled_on=\u00a0\u00bboff|off|off\u00a0\u00bb admin_label=\u00a0\u00bbText\u00a0\u00bb _builder_version=\u00a0\u00bb4.21.0&Prime; background_size=\u00a0\u00bbinitial\u00a0\u00bb background_position=\u00a0\u00bbtop_left\u00a0\u00bb background_repeat=\u00a0\u00bbrepeat\u00a0\u00bb global_colors_info=\u00a0\u00bb{}\u00a0\u00bb]<\/p>\n<h3 class=\"spip\"><span class=\"ez-toc-section\" id=\"Guides\"><\/span>Guides<span class=\"ez-toc-section-end\"><\/span><\/h3>\n<p>Retrouver ci-dessous les guides des Inscriptions Administratives en primo inscription, en r\u00e9inscription et PJWeb :<\/p>\n<p>[\/et_pb_text][et_pb_code _builder_version=\u00a0\u00bb4.16&Prime; global_colors_info=\u00a0\u00bb{}\u00a0\u00bb]<\/p>\n<style type=text\/css><!-- [et_pb_line_break_holder] --> .docicon{<!-- [et_pb_line_break_holder] --> font-family: 'ETModules';<!-- [et_pb_line_break_holder] --> content : \"e023\";<!-- [et_pb_line_break_holder] --> margin-right: 5px ;<!-- [et_pb_line_break_holder] --> }<!-- [et_pb_line_break_holder] --><\/style>\n<p>[\/et_pb_code][\/et_pb_column][\/et_pb_row][et_pb_row column_structure=\u00a0\u00bb1_3,1_3,1_3&Prime; _builder_version=\u00a0\u00bb4.21.0&Prime; _module_preset=\u00a0\u00bbdefault\u00a0\u00bb global_colors_info=\u00a0\u00bb{}\u00a0\u00bb][et_pb_column type=\u00a0\u00bb1_3&Prime; _builder_version=\u00a0\u00bb4.21.0&Prime; _module_preset=\u00a0\u00bbdefault\u00a0\u00bb global_colors_info=\u00a0\u00bb{}\u00a0\u00bb][et_pb_blurb title=\u00a0\u00bbGuide primo inscription 2024-2025&Prime; use_icon=\u00a0\u00bbon\u00a0\u00bb font_icon=\u00a0\u00bb&#x68;||divi||400&Prime; _builder_version=\u00a0\u00bb4.21.0&Prime; _module_preset=\u00a0\u00bbdefault\u00a0\u00bb header_text_align=\u00a0\u00bbcenter\u00a0\u00bb link_option_url=\u00a0\u00bbhttp:\/\/biomedicale-project.u-paris-sciences.fr\/wp-content\/uploads\/2024\/07\/Guide-IA-primo-24-25.pdf\u00a0\u00bb global_colors_info=\u00a0\u00bb{}\u00a0\u00bb][\/et_pb_blurb][\/et_pb_column][et_pb_column type=\u00a0\u00bb1_3&Prime; _builder_version=\u00a0\u00bb4.21.0&Prime; _module_preset=\u00a0\u00bbdefault\u00a0\u00bb global_colors_info=\u00a0\u00bb{}\u00a0\u00bb][et_pb_blurb title=\u00a0\u00bbGuide r\u00e9inscription 2024-2025&Prime; use_icon=\u00a0\u00bbon\u00a0\u00bb font_icon=\u00a0\u00bb&#x68;||divi||400&Prime; _builder_version=\u00a0\u00bb4.21.0&Prime; _module_preset=\u00a0\u00bbdefault\u00a0\u00bb header_text_align=\u00a0\u00bbcenter\u00a0\u00bb link_option_url=\u00a0\u00bbhttp:\/\/biomedicale-project.u-paris-sciences.fr\/wp-content\/uploads\/2024\/07\/Guide-IA-reins-24-25.pdf\u00a0\u00bb global_colors_info=\u00a0\u00bb{}\u00a0\u00bb][\/et_pb_blurb][\/et_pb_column][et_pb_column type=\u00a0\u00bb1_3&Prime; _builder_version=\u00a0\u00bb4.21.0&Prime; _module_preset=\u00a0\u00bbdefault\u00a0\u00bb global_colors_info=\u00a0\u00bb{}\u00a0\u00bb][et_pb_blurb title=\u00a0\u00bbGuide PJ WEB 2024-2025&Prime; use_icon=\u00a0\u00bbon\u00a0\u00bb font_icon=\u00a0\u00bb&#x68;||divi||400&Prime; _builder_version=\u00a0\u00bb4.21.0&Prime; _module_preset=\u00a0\u00bbdefault\u00a0\u00bb header_text_align=\u00a0\u00bbcenter\u00a0\u00bb link_option_url=\u00a0\u00bbhttp:\/\/biomedicale-project.u-paris-sciences.fr\/wp-content\/uploads\/2024\/07\/PJ-WEB-24-25.pdf\u00a0\u00bb global_colors_info=\u00a0\u00bb{}\u00a0\u00bb][\/et_pb_blurb][\/et_pb_column][\/et_pb_row][et_pb_row _builder_version=\u00a0\u00bb4.16&Prime; background_size=\u00a0\u00bbinitial\u00a0\u00bb background_position=\u00a0\u00bbtop_left\u00a0\u00bb background_repeat=\u00a0\u00bbrepeat\u00a0\u00bb global_colors_info=\u00a0\u00bb{}\u00a0\u00bb][et_pb_column type=\u00a0\u00bb4_4&Prime; _builder_version=\u00a0\u00bb4.16&Prime; custom_padding=\u00a0\u00bb|||\u00a0\u00bb global_colors_info=\u00a0\u00bb{}\u00a0\u00bb custom_padding__hover=\u00a0\u00bb|||\u00a0\u00bb][et_pb_text disabled_on=\u00a0\u00bboff|off|off\u00a0\u00bb admin_label=\u00a0\u00bbText\u00a0\u00bb _builder_version=\u00a0\u00bb4.21.0&Prime; background_size=\u00a0\u00bbinitial\u00a0\u00bb background_position=\u00a0\u00bbtop_left\u00a0\u00bb background_repeat=\u00a0\u00bbrepeat\u00a0\u00bb global_colors_info=\u00a0\u00bb{}\u00a0\u00bb]<\/p>\n<h3 class=\"spip\"><span class=\"ez-toc-section\" id=\"Inscriptions_pedagogiques_annee_universitaire_2024-2025\"><\/span>Inscriptions p\u00e9dagogiques (ann\u00e9e universitaire 2024-2025)<span class=\"ez-toc-section-end\"><\/span><\/h3>\n<p>Pour les inscriptions p\u00e9dagogiques en Licence Sciences Biom\u00e9dicales, merci de vous rendre \u00e0 cette adresse (apr\u00e8s les r\u00e9unions d&rsquo;informations tenues \u00e0 la rentr\u00e9e universitaire)<\/p>\n<p><a href=\"https:\/\/gargas.biomedicale.univ-paris5.fr\/scola\/\" target=\"_blank\" rel=\"noopener\" title=\"Plateforme inscriptions p\u00e9dagogiques\">https:\/\/gargas.biomedicale.univ-paris5.fr\/scola\/<\/a><\/p>\n<p><span style=\"color: #993366;\"><strong>Attention<\/strong> <\/span>: pour pouvoir s&rsquo;inscrire p\u00e9dagogiquement, il faut au pr\u00e9alable \u00eatre inscrit administrativement<\/p>\n<p>[\/et_pb_text][et_pb_text disabled_on=\u00a0\u00bboff|off|off\u00a0\u00bb admin_label=\u00a0\u00bbText\u00a0\u00bb _builder_version=\u00a0\u00bb4.21.0&Prime; background_size=\u00a0\u00bbinitial\u00a0\u00bb background_position=\u00a0\u00bbtop_left\u00a0\u00bb background_repeat=\u00a0\u00bbrepeat\u00a0\u00bb hover_enabled=\u00a0\u00bb0&Prime; global_colors_info=\u00a0\u00bb{}\u00a0\u00bb sticky_enabled=\u00a0\u00bb0&Prime;]<\/p>\n<div>\n<h2><span class=\"ez-toc-section\" id=\"Acceder_a_la_licence_Sciences_Biomedicales\"><\/span>Acc\u00e9der \u00e0 la licence Sciences Biom\u00e9dicales :<span class=\"ez-toc-section-end\"><\/span><\/h2>\n<p>&#8211; <strong>Acc\u00e8s en L1<\/strong> (r\u00e9orientation semestrielle, rentr\u00e9e en janvier 2025) : les \u00e9tudiants inscrits en L1 dans des domaines disciplinaires proches de ceux de la licence Sciences biom\u00e9dicales ou inscrits en CPGE peuvent d\u00e9poser leur candidature directement sur la <a href=\"https:\/\/www.google.com\/url?sa=t&amp;source=web&amp;rct=j&amp;opi=89978449&amp;url=https:\/\/u-paris.fr\/candidature-via-ecandidat\/&amp;ved=2ahUKEwi2te7eyKGJAxXPdqQEHUYyJkwQFnoECBMQAQ&amp;usg=AOvVaw3_mymm31LUhHFTtcwSI0mH\" target=\"_blank\" rel=\"noopener\">plateforme e-Candidat<\/a> (relev\u00e9s de bac et relev\u00e9s post-bac, lettre de motivation, CV, car d&rsquo;\u00e9tudiant ou certificat de scolarit\u00e9 pour l&rsquo;ann\u00e9e en cours) entre le 04 novembre et le 25 novembre 2024. Attention, le L1 \u00e9tant en contr\u00f4le continu int\u00e9grale \u00e0 seconde int\u00e9gr\u00e9e, il sera demand\u00e9 aux \u00e9tudiants retenus par la commission p\u00e9dagogique de passer la deuxi\u00e8me s\u00e9rie de Devoirs Surveill\u00e9s (DS2) lors de semaine du 06 janvier 2025 pour valider le premier semestre.<\/p>\n<p>&#8211; <strong>Acc\u00e8s en L1<\/strong> <strong>(rentr\u00e9e septembre 2025)<\/strong> : L\u2019acc\u00e8s se fait uniquement via la plateforme Parcoursup, ou Etudes en France pour les \u00e9tudiants r\u00e9sidant dans un pays relevant de ce dispositif. <strong>L&rsquo;acc\u00e8s \u00e0 la L1 Acc\u00e8s Sant\u00e9 n&rsquo;est pas ouverte sur Etudes en France.<\/strong><\/p>\n<p>&#8211; <strong>Acc\u00e8s en L2 et L3<\/strong> <strong>(rentr\u00e9e septembre 2025)<\/strong> : Les candidatures sont \u00e0 d\u00e9poser sur la <a href=\"https:\/\/gargas.biomedicale.univ-paris5.fr\/scola\/ap\/\" target=\"_blank\" rel=\"noopener\" title=\"plateforme de l\u2019UFR\">plateforme de l\u2019UFR<\/a> entre le 3 mai et le 30 juin 2025. Les r\u00e9ponses seront communiqu\u00e9es fin juillet.<\/p>\n<p>Une proc\u00e9dure sp\u00e9cifique sera mise en place pour les \u00e9tudiants issus du PASS mineure BPC, ou recherches en sant\u00e9 ou Maths-Physique d\u2019Universit\u00e9 Paris Cit\u00e9. <strong>INFORMATIONS COMMUNIQUEES VIA MOODLE PASS.<\/strong><\/p>\n<p>Les \u00e9tudiants r\u00e9sidant dans un pays relevant de la plateforme \u00ab Etudes en France \u00bb, doivent passer obligatoirement par cette proc\u00e9dure.<\/p>\n<p><strong>Les acc\u00e8s aux L2 et L3 Acc\u00e8s Sant\u00e9 ne sont pas ouvertes sur Etudes en France.<br \/><\/strong><\/p>\n<p><strong>Il n&rsquo;est pas possible d&rsquo;acc\u00e9der \u00e0 la L3 Acc\u00e8s Sant\u00e9 sans avoir effectu\u00e9 une L2 acc\u00e8s Sant\u00e9. <\/strong><\/p>\n<p><strong>Il n&rsquo;y a pas de rentr\u00e9e diff\u00e9r\u00e9e en janvier, ni en L2 ni en L3. <\/strong><\/p>\n<p>&nbsp;<\/p>\n<h3 class=\"spip\"><span class=\"ez-toc-section\" id=\"Liens_utiles\"><\/span>Liens utiles<span class=\"ez-toc-section-end\"><\/span><\/h3>\n<p><a href=\"https:\/\/biomedicale.u-paris.fr\/calendrier-universitaire\/\" target=\"_blank\" rel=\"noopener\" title=\"Calendrier universitaire 2024-2025\">Calendrier universitaire 2024-2025<\/a><\/p>\n<p><a class=\"spip_out\" href=\"http:\/\/www.education.gouv.fr\/index.php\" rel=\"external\">Minist\u00e8re de l\u2019\u00e9ducation nationale et de l\u2019enseignement sup\u00e9rieur<\/a><\/p>\n<p><a class=\"spip_out\" href=\"http:\/\/www.cidj.com\/\" rel=\"external\">Centre d\u2019information et de documentation jeunesse (CIDJ)<\/a><\/p>\n<p><a class=\"spip_out\" href=\"http:\/\/www.ac-paris.fr\/\" rel=\"external\">Acad\u00e9mie de Paris<\/a><\/p>\n<p><a class=\"spip_out\" href=\"http:\/\/www.crous-paris.fr\/\" rel=\"external\">Centre r\u00e9gional des oeuvres universitaires et scolaires de Paris (CROUS)<\/a><\/p>\n<\/div>\n<p>[\/et_pb_text][et_pb_code _builder_version=\u00a0\u00bb4.16&Prime; global_colors_info=\u00a0\u00bb{}\u00a0\u00bb]<\/p>\n<style type=text\/css><!-- [et_pb_line_break_holder] --> .docicon{<!-- [et_pb_line_break_holder] --> font-family: 'ETModules';<!-- [et_pb_line_break_holder] --> content : \"e023\";<!-- [et_pb_line_break_holder] --> margin-right: 5px ;<!-- [et_pb_line_break_holder] --> }<!-- [et_pb_line_break_holder] --><\/style>\n<p>[\/et_pb_code][\/et_pb_column][\/et_pb_row][\/et_pb_section]<\/p>\n","protected":false},"excerpt":{"rendered":"<p>&nbsp; Inscriptions administratives (ann\u00e9e universitaire 2024-2025) Les inscriptions administratives, c&rsquo;est par-ici : https:\/\/u-paris.fr\/linscription-administrative\/ Une interrogation\u00a0 ? C&rsquo;est par-l\u00e0 : https:\/\/u-paris.fr\/faq-inscriptions-et-demarches-administratives\/Guides Retrouver ci-dessous les guides des Inscriptions Administratives en primo inscription, en r\u00e9inscription et PJWeb :Inscriptions p\u00e9dagogiques (ann\u00e9e universitaire 2024-2025) Pour les inscriptions p\u00e9dagogiques en Licence Sciences Biom\u00e9dicales, merci de vous rendre \u00e0 cette adresse (apr\u00e8s [&hellip;]<\/p>\n","protected":false},"author":1,"featured_media":0,"parent":0,"menu_order":0,"comment_status":"closed","ping_status":"closed","template":"","meta":{"_acf_changed":false,"_et_pb_use_builder":"on","_et_pb_old_content":"","_et_gb_content_width":"","footnotes":""},"class_list":["post-194","page","type-page","status-publish","hentry"],"acf":[],"_links":{"self":[{"href":"https:\/\/biomedicale-project.u-paris-sciences.fr\/index.php?rest_route=\/wp\/v2\/pages\/194","targetHints":{"allow":["GET"]}}],"collection":[{"href":"https:\/\/biomedicale-project.u-paris-sciences.fr\/index.php?rest_route=\/wp\/v2\/pages"}],"about":[{"href":"https:\/\/biomedicale-project.u-paris-sciences.fr\/index.php?rest_route=\/wp\/v2\/types\/page"}],"author":[{"embeddable":true,"href":"https:\/\/biomedicale-project.u-paris-sciences.fr\/index.php?rest_route=\/wp\/v2\/users\/1"}],"replies":[{"embeddable":true,"href":"https:\/\/biomedicale-project.u-paris-sciences.fr\/index.php?rest_route=%2Fwp%2Fv2%2Fcomments&post=194"}],"version-history":[{"count":0,"href":"https:\/\/biomedicale-project.u-paris-sciences.fr\/index.php?rest_route=\/wp\/v2\/pages\/194\/revisions"}],"wp:attachment":[{"href":"https:\/\/biomedicale-project.u-paris-sciences.fr\/index.php?rest_route=%2Fwp%2Fv2%2Fmedia&parent=194"}],"curies":[{"name":"wp","href":"https:\/\/api.w.org\/{rel}","templated":true}]}}