{"id":184,"date":"2018-11-15T11:46:42","date_gmt":"2018-11-15T10:46:42","guid":{"rendered":"https:\/\/biomedicale.u-paris.fr\/?page_id=184"},"modified":"2018-11-15T11:46:42","modified_gmt":"2018-11-15T10:46:42","slug":"du-et-diu","status":"publish","type":"page","link":"https:\/\/biomedicale-project.u-paris-sciences.fr\/?page_id=184","title":{"rendered":"DU et DIU"},"content":{"rendered":"<p>[et_pb_section fb_built=\u00a0\u00bb1&Prime; _builder_version=\u00a0\u00bb4.16&Prime; da_disable_devices=\u00a0\u00bboff|off|off\u00a0\u00bb global_colors_info=\u00a0\u00bb{}\u00a0\u00bb da_is_popup=\u00a0\u00bboff\u00a0\u00bb da_exit_intent=\u00a0\u00bboff\u00a0\u00bb da_has_close=\u00a0\u00bbon\u00a0\u00bb da_alt_close=\u00a0\u00bboff\u00a0\u00bb da_dark_close=\u00a0\u00bboff\u00a0\u00bb da_not_modal=\u00a0\u00bbon\u00a0\u00bb da_is_singular=\u00a0\u00bboff\u00a0\u00bb da_with_loader=\u00a0\u00bboff\u00a0\u00bb da_has_shadow=\u00a0\u00bbon\u00a0\u00bb][et_pb_row _builder_version=\u00a0\u00bb4.16&Prime; background_size=\u00a0\u00bbinitial\u00a0\u00bb background_position=\u00a0\u00bbtop_left\u00a0\u00bb background_repeat=\u00a0\u00bbrepeat\u00a0\u00bb global_colors_info=\u00a0\u00bb{}\u00a0\u00bb][et_pb_column type=\u00a0\u00bb4_4&Prime; _builder_version=\u00a0\u00bb4.16&Prime; custom_padding=\u00a0\u00bb|||\u00a0\u00bb global_colors_info=\u00a0\u00bb{}\u00a0\u00bb custom_padding__hover=\u00a0\u00bb|||\u00a0\u00bb][et_pb_post_title meta=\u00a0\u00bboff\u00a0\u00bb featured_image=\u00a0\u00bboff\u00a0\u00bb _builder_version=\u00a0\u00bb4.16&Prime; global_colors_info=\u00a0\u00bb{}\u00a0\u00bb]&nbsp;<br \/>\n[\/et_pb_post_title][\/et_pb_column][\/et_pb_row][et_pb_row _builder_version=\u00a0\u00bb4.16&Prime; custom_padding=\u00a0\u00bb27px|0px|0|0px|false|false\u00a0\u00bb global_colors_info=\u00a0\u00bb{}\u00a0\u00bb][et_pb_column type=\u00a0\u00bb4_4&Prime; _builder_version=\u00a0\u00bb4.16&Prime; custom_padding=\u00a0\u00bb|||\u00a0\u00bb global_colors_info=\u00a0\u00bb{}\u00a0\u00bb custom_padding__hover=\u00a0\u00bb|||\u00a0\u00bb][et_pb_text _builder_version=\u00a0\u00bb4.16.1&Prime; global_colors_info=\u00a0\u00bb{}\u00a0\u00bb]<\/p>\n<ul>\n<li>Site institutionnel de la formation continue <a href=\"https:\/\/formationcontinue.u-paris.fr\/\" target=\"_blank\" rel=\"noopener\" title=\"https:\/\/formationcontinue.u-paris.fr\/\">https:\/\/formationcontinue.u-paris.fr\/<\/a><\/li>\n<li>Catalogue de l\u2019offre de formation <a href=\"https:\/\/odf.u-paris.fr\/fr\/catalogue-des-diplomes-d-universite.html\" target=\"_blank\" rel=\"noopener\" title=\"https:\/\/odf.u-paris.fr\/fr\/catalogue-des-diplomes-d-universite.html\">https:\/\/odf.u-paris.fr\/fr\/catalogue-des-diplomes-d-universite.html<\/a><\/li>\n<\/ul>\n<p>[\/et_pb_text][\/et_pb_column][\/et_pb_row][et_pb_row _builder_version=\u00a0\u00bb4.16&Prime; global_colors_info=\u00a0\u00bb{}\u00a0\u00bb][et_pb_column type=\u00a0\u00bb4_4&Prime; _builder_version=\u00a0\u00bb4.16&Prime; custom_padding=\u00a0\u00bb|||\u00a0\u00bb global_colors_info=\u00a0\u00bb{}\u00a0\u00bb custom_padding__hover=\u00a0\u00bb|||\u00a0\u00bb][et_pb_text _builder_version=\u00a0\u00bb4.21.0&Prime; hover_enabled=\u00a0\u00bb0&Prime; global_colors_info=\u00a0\u00bb{}\u00a0\u00bb sticky_enabled=\u00a0\u00bb0&Prime;]<\/p>\n<div class=\"\" style=\"text-align: left;\">\n<h3><span class=\"ez-toc-section\" id=\"Scolarite_DU\"><\/span>Scolarit\u00e9 DU<strong><\/strong><span class=\"ez-toc-section-end\"><\/span><\/h3>\n<p><strong>Isabelle ROGERS GIBOYAU<\/strong><br \/><a href=\"mailto:isabelle.rogers-giboyau@parisdescartes.fr\">isabelle.rogers-giboyau@parisdescartes.fr<\/a><\/p>\n<hr class=\"spip\" \/>\n<h3 class=\"spip\"><span class=\"ez-toc-section\" id=\"DU-DIU\"><\/span>DU-DIU<span class=\"ez-toc-section-end\"><\/span><\/h3>\n<p><a class=\"spip_in\" href=\"https:\/\/odf.u-paris.fr\/fr\/offre-de-formation\/diplome-d-universite-1\/sciences-technologies-sante-STS\/du-attache-de-recherche-clinique-JI34RPYX.html\" target=\"_blank\" rel=\"noopener noreferrer\" title=\"DU Attach\u00e9 de Recherche Clinique (ARC)\">DU Attach\u00e9 de Recherche Clinique (ARC) <\/a><br \/>secr\u00e9tariat p\u00e9dagogique\u00a0: <strong>POLGAR Sasha<\/strong> <span class=\"element-value\">&#8211; <a href=\"mailto:sasha.polgar@u-paris.fr\">sasha.polgar@u-paris.fr<\/a><\/span><\/p>\n<p><a href=\"https:\/\/odf.u-paris.fr\/fr\/offre-de-formation\/diplome-d-universite-du-diu-1\/sciences-technologies-sante-STS\/du-medical-science-liaison-JO4IMQSN.html?search-keywords=msl\" target=\"_blank\" rel=\"noopener noreferrer\" title=\"DU Medical Science Liaison (MSL)\">DU Medical Science Liaison (MSL)<\/a><br \/>secr\u00e9tariat p\u00e9dagogique : <strong>POLGAR Sasha<\/strong> <span class=\"element-value\">&#8211; <a href=\"mailto:sasha.polgar@u-paris.fr\">sasha.polgar@u-paris.fr<\/a><\/span><\/p>\n<p><span class=\"element-value\"><a href=\"https:\/\/odf.u-paris.fr\/fr\/offre-de-formation\/diplome-d-universite-du-diu-1\/sciences-technologies-sante-STS\/du-physiologie-et-ergonomie-aerospatiale-K1GOJW8W.html?search-keywords=DU,Physiologie,et,ergonomie,a%C3%A9rospatiale\" target=\"_blank\" rel=\"noopener noreferrer\" title=\"DU Physiologie et ergonomie a\u00e9rospatiale\">DU Physiologie et ergonomie a\u00e9rospatiale<\/a><br \/>secr\u00e9tariat p\u00e9dagogique : <strong>POLGAR Sasha<\/strong> &#8211; <a href=\"mailto:sasha.polgar@u-paris.fr\">sasha.polgar@u-paris.fr<\/a><\/span><\/p>\n<p><span class=\"element-value\"><a href=\"https:\/\/odf.u-paris.fr\/fr\/offre-de-formation\/diplome-d-universite-du-diu-1\/sciences-technologies-sante-STS\/du-creer-et-developper-son-activite-ou-sa-start-up-en-sante-KUO4SU9K.html?search-keywords=DU,Cr%C3%A9er,et,d%C3%A9velopper,son,activit%C3%A9,ou,sa,start-up,en,sant%C3%A9\" target=\"_blank\" rel=\"noopener noreferrer\" title=\"DU Cr\u00e9er et d\u00e9velopper son activit\u00e9 ou sa start-up en sant\u00e9\">DU Cr\u00e9er et d\u00e9velopper son activit\u00e9 ou sa start-up en sant\u00e9<\/a><br \/>secr\u00e9tariat p\u00e9dagogique : <strong>BOUILLET<\/strong> <strong>Anne<\/strong> &#8211; <a href=\"mailto:du-startup.biomed@u-paris.fr\">du-startup.biomed@u-paris.fr<\/a><\/span><\/p>\n<p><a href=\"https:\/\/biomedicale.u-paris.fr\/hackathon\/\"><strong><\/strong><\/a><\/p>\n<hr class=\"spip\" \/>\n<p><a class=\"spip_dom\" href=\"https:\/\/odf.u-paris.fr\/fr\/offre-de-formation\/diplome-d-universite-du-diu-1\/sciences-technologies-sante-STS\/diu-les-lasers-medicaux-XU95_41.html?search-keywords=D.U,Les,lasers,m%C3%A9dicaux,%C3%A0,vis%C3%A9e,esth%C3%A9tique\" target=\"_blank\" rel=\"external noopener noreferrer\" title=\"DIU Les lasers m\u00e9dicaux \u00e0 vis\u00e9e esth\u00e9tique\">DIU Les lasers m\u00e9dicaux \u00e0 vis\u00e9e esth\u00e9tique<\/a><br \/>secr\u00e9tariat p\u00e9dagogique\u00a0: <strong>WARTELLE Nathalie<\/strong> <span class=\"element-value\">&#8211; <a href=\"mailto:nathalie.wartelle@u-paris.fr\">nathalie.wartelle@u-paris.fr<\/a><br \/><a href=\"https:\/\/odf.u-paris.fr\/fr\/offre-de-formation\/diplome-d-universite-du-diu-1\/sciences-technologies-sante-STS\/diu-europeen-injections-reparatrices-et-esthetiques-du-visage-KUO4K08B.html?search-keywords=DIU,europ%C3%A9en,Injections,r%C3%A9paratrices,et,esth%C3%A9tiques,du,visage\" title=\"DIU europ\u00e9en Injections r\u00e9paratrices et esth\u00e9tiques du visage\" target=\"_blank\" rel=\"noopener\">DIU europ\u00e9en Injections r\u00e9paratrices et esth\u00e9tiques du visage<\/a><br \/>secr\u00e9tariat p\u00e9dagogique : <strong>WARTELLE Nathalie<\/strong> &#8211; <a href=\"mailto:nathalie.wartelle@u-paris.fr\">nathalie.wartelle@u-paris.fr<\/a><br \/><a href=\"https:\/\/odf.u-paris.fr\/fr\/offre-de-formation\/diplome-d-universite-du-diu-1\/sciences-technologies-sante-STS\/diu-micronutrition-alimentation-prevention-et-sante-JVZ19G3R.html?search-keywords=DIU,Micronutrition%2C,Alimentation%2C,Pr%C3%A9vention,et,Sant%C3%A9\" title=\"DIU Micronutrition, Alimentation, Pr\u00e9vention et Sant\u00e9\" target=\"_blank\" rel=\"noopener\">DIU Micronutrition, Alimentation, Pr\u00e9vention et Sant\u00e9<\/a><br \/><\/span><span class=\"element-value\"><\/span><span class=\"element-value\">secr\u00e9tariat p\u00e9dagogique\u00a0:\u00a0<strong>WARTELLE Nathalie<\/strong> &#8211; <a href=\"mailto:tizita.guilpain@parisdescartes.fr\" title=\"tizita.guilpain@parisdescartes.fr\"> <\/a><a href=\"mailto:nathalie.wartelle@u-paris.fr\">nathalie.wartelle@u-paris.fr<\/a><\/span><\/p>\n<hr class=\"spip\" \/>\n<p><a class=\"spip_dom\" href=\"https:\/\/odf.u-paris.fr\/fr\/offre-de-formation\/diplome-d-universite-du-diu-1\/sciences-technologies-sante-STS\/du-bases-facteurs-humains-conception-de-systeme-homme-machine-en-aeronautique-JI35K28B.html?search-keywords=DU,Bases,facteurs,humains,pour,la,conception,de,syst%C3%A8mes,homme-machine,en,a%C3%A9ronautique\" target=\"_blank\" rel=\"external noopener noreferrer\" title=\"DU Bases Facteurs Humains pour la conception de syst\u00e8mes homme-machine en a\u00e9ronautique\">DU Bases Facteurs Humains pour la conception de syst\u00e8mes homme-machine en a\u00e9ronautique<\/a><br \/>secr\u00e9tariat p\u00e9dagogique\u00a0: <strong>BOUILLET<\/strong> <strong>Anne<\/strong> &#8211; <span class=\"element-value\"><a href=\"mailto:anne.bouillet@u-paris.fr\">anne.bouillet@u-paris.fr<\/a><\/span><\/p>\n<hr class=\"spip\" \/>\n<p><a class=\"spip_dom\" href=\"https:\/\/odf.u-paris.fr\/fr\/offre-de-formation\/diplome-d-universite-du-diu-1\/sciences-technologies-sante-STS\/du-enfants-et-jeunes-de-la-rue-comprendre-pour-agir-JI36ZPEE.html?search-keywords=DU,Enfants,et,Jeunes,de,la,rue\" target=\"_blank\" rel=\"external noopener noreferrer\" title=\"DU Enfants et jeunes de la rue - Comprendre pour agir\">DU Enfants et jeunes de la rue &#8211; Comprendre pour agir<\/a><br \/>secr\u00e9tariat p\u00e9dagogique\u00a0: <strong>DESTIN<\/strong> <strong>Micha\u00ebl<\/strong> &#8211; <span class=\"element-value\"><a href=\"mailto:michael.destin@u-paris.fr\">michael.destin@u-paris.fr<\/a><\/span><\/p>\n<p><a class=\"spip_dom\" href=\"https:\/\/odf.u-paris.fr\/fr\/offre-de-formation\/diplome-d-universite-du-diu-1\/sciences-technologies-sante-STS\/du-psychotraumatologie-JI377PSJ.html?search-keywords=DU,Psychotraumatologie\" target=\"_blank\" rel=\"external noopener noreferrer\" title=\"DU Psychotraumatologie\">DU Psychotraumatologie<\/a><br \/>secr\u00e9tariat p\u00e9dagogique :\u00a0<strong>DESTIN<\/strong> <strong>Micha\u00ebl<\/strong> &#8211; <span class=\"element-value\"><a href=\"mailto:michael.destin@u-paris.fr\">michael.destin@u-paris.fr<\/a><\/span><span class=\"element-value\"><\/span><\/p>\n<p><a class=\"spip_dom\" href=\"https:\/\/odf.u-paris.fr\/fr\/offre-de-formation\/diplome-d-universite-du-diu-1\/sciences-technologies-sante-STS\/du-reparation-juridique-du-dommage-corporel-JI379HDQ.html?search-keywords=DU,R%C3%A9paration,juridique,du,dommage,corporel\" target=\"_blank\" rel=\"external noopener noreferrer\" title=\"DU R\u00e9paration juridique du dommage corporel\">DU R\u00e9paration juridique du dommage corporel<\/a><br \/>secr\u00e9tariat p\u00e9dagogique\u00a0: <strong>DESTIN<\/strong> <strong>Micha\u00ebl<\/strong> &#8211; <span class=\"element-value\"><a href=\"mailto:michael.destin@u-paris.fr\">michael.destin@u-paris.fr<\/a><\/span><\/p>\n<p><a class=\"spip_dom\" href=\"https:\/\/odf.u-paris.fr\/fr\/offre-de-formation\/diplome-d-universite-du-diu-1\/sciences-technologies-sante-STS\/du-victimologie-JI37AO0O.html?search-keywords=DU,Victimologie\" target=\"_blank\" rel=\"external noopener noreferrer\" title=\"DU Victimologie\">DU Victimologie<\/a><br \/>secr\u00e9tariat p\u00e9dagogique\u00a0:<span class=\"element-value\"> <strong>DESTIN<\/strong> <strong>Micha\u00ebl<\/strong> &#8211; <a href=\"mailto:michael.destin@u-paris.fr\">michael.destin@u-paris.fr<\/a><a href=\"mailto:hugues.miller@u-paris.fr\"><\/a><\/span><\/p>\n<p><a href=\"https:\/\/odf.u-paris.fr\/fr\/offre-de-formation\/diplome-d-universite-du-diu-1\/sciences-technologies-sante-STS\/du-psychocriminologie-M2936BPF.html\" target=\"_blank\" rel=\"noopener\">DU Psychocriminologie<\/a><br \/>secr\u00e9tariat p\u00e9dagogique\u00a0: <strong>DESTIN<\/strong> <strong>Micha\u00ebl<\/strong> &#8211; <span class=\"element-value\"><a href=\"mailto:michael.destin@u-paris.fr\">michael.destin@u-paris.fr<\/a><\/span><a href=\"mailto:hugues.miller@u-paris.fr\"><\/a><\/p>\n<hr class=\"spip\" \/>\n<p><a class=\"spip_dom\" href=\"https:\/\/odf.u-paris.fr\/fr\/offre-de-formation\/diplome-d-universite-du-diu-1\/sciences-technologies-sante-STS\/diu-echographie-et-techniques-ultrasonores-options-echographie-generale-de-specialite-ou-d-acquisition-JI36SVMZ.html?search-keywords=DIU,Echographie,et,techniques,ultrasonores,options,Echographie,G%C3%A9n%C3%A9rale%2C,de,sp%C3%A9cialit%C3%A9,ou,d%E2%80%99acquisition\" target=\"_blank\" rel=\"external noopener noreferrer\" title=\"DIU Echographie et techniques ultrasonores options Echographie G\u00e9n\u00e9rale, de sp\u00e9cialit\u00e9 ou d\u2019acquisition\">DIU Echographie et techniques ultrasonores options Echographie G\u00e9n\u00e9rale, de sp\u00e9cialit\u00e9 ou d\u2019acquisition<\/a><br \/>secr\u00e9tariat p\u00e9dagogique\u00a0: <strong>CHAU Simone<\/strong> &#8211;\u00a0<a href=\"mailto:simone.chau@parisdescartes.fr\">simone.chau@parisdescartes.fr<\/a><\/p>\n<hr class=\"spip\" \/>\n<h3 class=\"spip\"><span class=\"ez-toc-section\" id=\"CAPACITE\"><\/span>CAPACITE<span class=\"ez-toc-section-end\"><\/span><\/h3>\n<p><a href=\"https:\/\/odf.parisdescartes.fr\/fr\/formations\/feuilleter-le-catalogue\/sciences-technologies-sante-STS\/capacite-medecine-KG\/capacite-de-medecine-aerospatiale-program-program1-capacite-de-medecine-aerospatiale-fr.html?search-keywords=a%C3%A9rospatiale#programContentba8e0be3-6425-43a8-992b-e88e4618f664-1\" target=\"_blank\" rel=\"noopener noreferrer\" title=\"Capacit\u00e9 de M\u00e9decine A\u00e9rospatiale\">Capacit\u00e9 de M\u00e9decine A\u00e9rospatiale<\/a><br \/>secr\u00e9tariat p\u00e9dagogique\u00a0: <strong>POLGAR Sasha<\/strong> <span class=\"element-value\">&#8211; <a href=\"mailto:cmas@parisdescartes.fr\">cmas@parisdescartes.fr<\/a><\/span><\/p>\n<\/div>\n<p>[\/et_pb_text][\/et_pb_column][\/et_pb_row][\/et_pb_section]<\/p>\n","protected":false},"excerpt":{"rendered":"<p>&nbsp; Site institutionnel de la formation continue https:\/\/formationcontinue.u-paris.fr\/ Catalogue de l\u2019offre de formation https:\/\/odf.u-paris.fr\/fr\/catalogue-des-diplomes-d-universite.html Scolarit\u00e9 DU Isabelle ROGERS GIBOYAUisabelle.rogers-giboyau@parisdescartes.fr DU-DIU DU Attach\u00e9 de Recherche Clinique (ARC) secr\u00e9tariat p\u00e9dagogique\u00a0: POLGAR Sasha &#8211; sasha.polgar@u-paris.fr DU Medical Science Liaison (MSL)secr\u00e9tariat p\u00e9dagogique : POLGAR Sasha &#8211; sasha.polgar@u-paris.fr DU Physiologie et ergonomie a\u00e9rospatialesecr\u00e9tariat p\u00e9dagogique : POLGAR Sasha &#8211; sasha.polgar@u-paris.fr DU [&hellip;]<\/p>\n","protected":false},"author":1,"featured_media":0,"parent":0,"menu_order":0,"comment_status":"closed","ping_status":"closed","template":"","meta":{"_acf_changed":false,"_et_pb_use_builder":"on","_et_pb_old_content":"","_et_gb_content_width":"","footnotes":""},"class_list":["post-184","page","type-page","status-publish","hentry"],"acf":[],"_links":{"self":[{"href":"https:\/\/biomedicale-project.u-paris-sciences.fr\/index.php?rest_route=\/wp\/v2\/pages\/184","targetHints":{"allow":["GET"]}}],"collection":[{"href":"https:\/\/biomedicale-project.u-paris-sciences.fr\/index.php?rest_route=\/wp\/v2\/pages"}],"about":[{"href":"https:\/\/biomedicale-project.u-paris-sciences.fr\/index.php?rest_route=\/wp\/v2\/types\/page"}],"author":[{"embeddable":true,"href":"https:\/\/biomedicale-project.u-paris-sciences.fr\/index.php?rest_route=\/wp\/v2\/users\/1"}],"replies":[{"embeddable":true,"href":"https:\/\/biomedicale-project.u-paris-sciences.fr\/index.php?rest_route=%2Fwp%2Fv2%2Fcomments&post=184"}],"version-history":[{"count":0,"href":"https:\/\/biomedicale-project.u-paris-sciences.fr\/index.php?rest_route=\/wp\/v2\/pages\/184\/revisions"}],"wp:attachment":[{"href":"https:\/\/biomedicale-project.u-paris-sciences.fr\/index.php?rest_route=%2Fwp%2Fv2%2Fmedia&parent=184"}],"curies":[{"name":"wp","href":"https:\/\/api.w.org\/{rel}","templated":true}]}}